1111?
-231110
In base 9, what is -5 + 18248?
18243
In base 3, what is -1101121 - -10?
-1101111
In base 13, what is 2039 - 9?
2030
In base 5, what is 11 + -4403330?
-4403314
In base 14, what is 1 + -c523?
-c522
In base 15, what is 11ee7 + 4?
11eeb
In base 15, what is 3 - abd9?
-abd6
In base 7, what is 51561 - -2?
51563
In base 5, what is 142123204 + 1?
142123210
In base 7, what is -22630316 + -5?
-22630324
In base 8, what is -2 - -247072?
247070
In base 8, what is -275 - 126?
-423
In base 13, what is -3 + 1110b?
11108
In base 10, what is 0 - 625484?
-625484
In base 15, what is -11c2c8 + 4?
-11c2c4
In base 2, what is -1 - 110001010111101100?
-110001010111101101
In base 4, what is 1 - -10112010?
10112011
In base 16, what is -1 + -d7d3?
-d7d4
In base 12, what is 25b + -4a9?
-24a
In base 9, what is 2 + -531?
-528
In base 2, what is -11100100 + -111011000100?
-111110101000
In base 16, what is -578b + 13?
-5778
In base 13, what is -625289 + 1?
-625288
In base 16, what is -54e + d?
-541
In base 14, what is -340b - d?
-341a
In base 6, what is 203201 + 21?
203222
In base 7, what is -2312 - -2230?
-52
In base 3, what is 11221221 + -100?
11221121
In base 12, what is 1 - b39a?
-b399
In base 6, what is -541255 + 4?
-541251
In base 16, what is 3b + -512?
-4d7
In base 4, what is -2233 + -2303?
-11202
In base 5, what is -13413111 + 20?
-13413041
In base 7, what is -24515 + -1?
-24516
In base 15, what is -147c0 + 1?
-147be
In base 13, what is 3 - 3153?
-3150
In base 15, what is ee + -2e?
c0
In base 12, what is -5 - -5739?
5734
In base 7, what is 1025525 - 21?
1025504
In base 11, what is 1 + -5a252?
-5a251
In base 15, what is 14 - -2a3e?
2a53
In base 5, what is -10 + -2313102?
-2313112
In base 6, what is 4 - -21510?
21514
In base 4, what is 1022311231 - -11?
1022311302
In base 3, what is 112001101 + 2?
112001110
In base 16, what is 2 + -3a442?
-3a440
In base 10, what is -19192 + 2?
-19190
In base 13, what is ccb + -5a8?
723
In base 4, what is -11 + 11020022?
11020011
In base 15, what is -c2 + -69?
-13b
In base 16, what is 4 - -2889?
288d
In base 12, what is -828 + -21?
-849
In base 2, what is 0 - -101000001111100100?
101000001111100100
In base 3, what is -2112 - -111201?
102012
In base 13, what is -1aa0 - -8?
-1a95
In base 4, what is 1002121 - -122?
1002303
In base 9, what is -42587 + 3?
-42584
In base 2, what is -11010101110 - 10?
-11010110000
In base 15, what is 79c3 - -4d?
7a21
In base 11, what is 693618 - -1?
693619
In base 5, what is 1 - -304401?
304402
In base 15, what is -2794d1 - -4?
-2794cc
In base 5, what is -100223 - -320?
-44403
In base 9, what is -1 - 15281?
-15282
In base 4, what is 22303 - -30313?
113222
In base 8, what is -124 - 40712?
-41036
In base 6, what is -2302 + 1302?
-1000
In base 6, what is -204200 - 4?
-204204
In base 4, what is 2 + 1013112?
1013120
In base 12, what is -1 - -4bb82?
4bb81
In base 10, what is 15056 - -5?
15061
In base 4, what is 32332 - 332?
32000
In base 10, what is -111 + -394?
-505
In base 5, what is 3212034 + 2?
3212041
In base 5, what is 1410002 + -202?
1404300
In base 10, what is -11 - -3275?
3264
In base 11, what is 1 - -631915?
631916
In base 9, what is -72 + 33375?
33303
In base 14, what is -3 - 89a62?
-89a65
In base 4, what is 2300103 + 33?
2300202
In base 5, what is -21402 - -430?
-20422
In base 7, what is -154052 - -1?
-154051
In base 15, what is 24 - a1?
-7c
In base 4, what is 120313201 - 200?
120313001
In base 12, what is -2 - 63a10?
-63a12
In base 10, what is 1 - 69638?
-69637
In base 13, what is -22002 - -4?
-21ccb
In base 7, what is -31 + -443361?
-443422
In base 8, what is 1641747 + 4?
1641753
In base 15, what is -19 - 17b?
-195
In base 3, what is 12 + -12201222200?
-12201222111
In base 11, what is 22126 - -21?
22147
In base 5, what is 1 - 144044230?
-144044224
In base 12, what is -36 + 173?
139
In base 8, what is -273 - -25?
-246
In base 9, what is -1 + -73102?
-73103
In base 8, what is 0 - 27116?
-27116
In base 16, what is -8832c + 4?
-88328
In base 13, what is 5 - 4ca3?
-4c9b
In base 14, what is -4 + 43a?
436
In base 12, what is -45b + -340?
-79b
In base 16, what is 36 + -fcf?
-f99
In base 5, what is -10 + 1130110?
1130100
In base 4, what is -3211 + -131?
-10002
In base 11, what is -2658 + -16?
-2673
In base 16, what is -3 - c0c8?
-c0cb
In base 13, what is -2 + -117b?
-1180
In base 16, what is 61998 - -6?
6199e
In base 3, what is 2120 + -1200?
220
In base 9, what is -14 - 21540?
-21554
In base 3, what is 110212122011 - 2?
110212122002
In base 2, what is -1 - -1001110011010000001?
1001110011010000000
In base 5, what is -113343 - -23?
-113320
In base 7, what is 3564 + -3534?
30
In base 6, what is -3 + -534302?
-534305
In base 15, what is -3 - -a446?
a443
In base 6, what is -34103 - 3?
-34110
In base 13, what is 0 + cab6?
cab6
In base 11, what is -4 - 9175?
-9179
In base 10, what is 20 + 816?
836
In base 12, what is 2090 - 67?
2025
In base 2, what is -11010010110110111 + 1?
-11010010110110110
In base 7, what is 4 + 110246?
110253
In base 7, what is -2 + -2431262?
-2431264
In base 13, what is -11a761 + 2?
-11a75c
In base 12, what is -8309 + 2?
-8307
In base 13, what is 5 + 14c581?
14c586
In base 5, what is -14431400 + -2?
-14431402
In base 11, what is 664 - 4?
660
In base 9, what is -8 - -18502?
18483
In base 15, what is -190e6 - -8?
-190dd
In base 7, what is -101 - -6145?
6044
In base 10, what is 19703 - -5?
19708
In base 11, what is a5419 + 0?
a5419
In base 3, what is 2111121 + -1101?
2110020
In base 14, what is -a - -2312?
2306
In base 2, what is -1110101011 - 10000111?
-10000110010
In base 12, what is 20 - -88?
a8
In base 7, what is 1025115 - 24?
1025061
In base 6, what is 155200444 - -2?
155200450
In base 7, what is 4 + -1164563?
-1164556
In base 2, what is -11111 + 10010001111100?
10010001011101
In base 8, what is -73 - 211?
-304
In base 6, what is -1 - -1324243?
1324242
In base 6, what is -3442100 - -3?
-3442053
In base 13, what is 4 - 6a09?
-6a05
In base 14, what is -176 - 24?
-19a
In base 9, what is -277 - 727?
-1115
In base 2, what is -1111101100110 + 111100001?
-1110110000101
In base 14, what is -18 - 9bd?
-9d7
In base 9, what is 2251 + -5?
2245
In base 5, what is 31340 + -102?
31233
In base 15, what is -95 - -b6?
21
In base 10, what is -256 + 226?
-30
In base 15, what is 499c + 11?
49ad
In base 7, what is -433 + 164?
-236
In base 8, what is -2 - 5237524?
-5237526
In base 6, what is 141 + -504?
-323
In base 3, what is 21001100 - 1100120?
12200210
In base 5, what is -200041 + -321?
-200412
In base 16, what is 3 + -5fc01?
-5fbfe
In base 11, what is 8 + -64a1?
-6494
In base 11, what is a6 - 462?
-367
In base 3, what is 112020000 - -2000?
112022000
In base 5, what is 22240430 - -4?
22240434
In base 3, what is -1022222200 - 1011?
-1100000211
In base 12, what is -36 - 2592?
-2608
In base 10, what is -95 - 507?
-602
In base 10, what is -176 - 770?
-946
In base 15, what is -77ab - 5?
-77b1
In base 14, what is -4da - -34?
-4a6
In base 3, what is 2000100 - -111?
2000211
In base 2, what is 100000011111 - 11?
100000011100
In base 16, what is -87e + ae?
-7d0
In base 3, what is -22002110020110 + 2?
-22002110020101
In base 6, what is 1541255 + 3?
1541302
In base 5, what is -201 - 30310?
-31011
In base 5, what is -13 + -41140?
-41203
In base 5, what is 122111 + 21?
122132
In base 4, what is 203 + 223232320?
223233123
In base 11, what is 3 - -4925?
4928
In base 15, what is -c + -260a?
-2617
In base 12, what is -3 - 7884?
-7887
In base 14, what is -3 + 1626?
1623
In base 11, what is 1 + aa643?
aa644
In base 14, what is 223 + 149?
36c
In base 15, what is 70ab + 1?
70ac
In base 14, what is 35a1b - -9?
35a26
In base 16, what is -8256 + 1?
-8255
In base 2, what is 111 - -100001001101111?
100001001110110
In base 6, what is -142 + 411215?
411033
In base 7, what is -4652 - -213?
-4436
In base 4, what is -131231310 + 2?
-131231302
In base 13, what is c + -855c?
-8550
In base 11, what is -3 + 284879?
284876
In base 9, what is 1158 + 32?
1201
In base 3, what is 1201201022 - -2?
1201201101
In base 8, what is 5 - -201571?
201576
In base 5, what is -1012332 - -44?
-1012233
In base 3, what is -210 - 11202122122?
-11202200102
In base 5, what is 4343 - -142?
10040
In base 9, what is -6 + -15701?
-15707
In base 2, what is 1